*l + 204*l = -191. What is the remainder when 648 is divided by s?
67
Let u(m) = -3*m - 3. Let k be u(5). Let v be (-9)/(k/56) + 0. What is the remainder when ((-6)/9)/(v/(-9) - -3) is divided by 3?
0
What is the remainder when (20/(-35))/(48/(-31248)) is divided by 371?
1
Let d(y) = -y**2 + 79*y - 71. What is the remainder when 351 is divided by d(76)?
37
Calculate the remainder when 91 - ((-64)/8 - 12) is divided by 40.
31
Suppose -115 = -x - 5*k, -15*k - 345 = -3*x - 13*k. Suppose -2*a - j = -9 - 40, -5*j - x = -5*a. What is the remainder when 429 is divided by a?
21
Let o(d) = d**2 + 12*d - 104. Let q be o(6). Suppose 2*m = 3*z + 80, 5*z = q*m - 0*z - 156. What is the remainder when 169 is divided by m?
33
Let b(p) = -p**3 + 14*p**2 - 4*p + 8. Let x = -11 + 24. Let i be b(x). Calculate the remainder when (2*-1 - (1 + -4))*i is divided by 21.
20
Let z be 3 - ((-1 + -3)/1 + 121). Let p = -56 - z. Calculate the remainder when 287 is divided by p.
55
Let t = 1219 - 1202. Suppose 2*r + 3*g = -2*r + 523, 3*g - 653 = -5*r. Let q = r - 66. Calculate the remainder when q is divided by t.
13
Let x(w) be the third derivative of -w**5/30 - 37*w**4/24 - 107*w**3/6 + 558*w**2. Suppose 50 = 3*i + 2*i. Calculate the remainder when x(-13) is divided by i.
6
Let y(p) = p**3 - 14*p**2 + 23*p + 8. Let b be y(12). Calculate the remainder when -6*b/9*1767/76 is divided by 16.
14
Let h = 29866 + -29857. Calculate the remainder when 6838 is divided by h.
7
Let s(l) = l**3 + 3*l - 14. Suppose 68 = 5*f + 2*j, 29*f - 2*j = 25*f + 40. Calculate the remainder when s(9) is divided by f.
10
Let r(v) = -v**3 + 3*v**2 + 4*v - 1. Let z be r(2). Let a(n) = 18*n**3 + n**2. What is the remainder when a(1) is divided by z - (-1)/(-1)*(2 + -5)?
5
Let x(i) = 11*i + 116. Suppose l + 5*r - 104 = 0, 5*l - 6*r = -2*r + 520. Let d = l + -43. What is the remainder when d is divided by x(-9)?
10
Suppose -8*g = -4 - 20. Let i be (826/g + -2)*(-24)/(-20). Suppose -i = 7*r - 11*r. What is the remainder when r is divided by 21?
19
Let w(y) = -18*y + 155. Let t be w(8). Suppose -957 = -t*d + 440. What is the remainder when d is divided by 32?
31
Let w = 35 + 16. Suppose 13*f - 2048 = -748. What is the remainder when f is divided by w?
49
Suppose 0 = 4*u + 1004 - 384. Suppose -19*o + 50 = -26. Calculate the remainder when 92 is divided by 1/(o - (-615)/u).
30
Let x(a) = a**2 - 13*a - 107. Let j be x(39). Let n = j - 778. Calculate the remainder when n is divided by 27.
21
Suppose 5*d = -23 + 103. Suppose -14*i = -10*i - d. Suppose -57 = -i*h + h. What is the remainder when h is divided by 10?
9
Let c(w) = -w**3 - 9*w**2 - 64*w - 2. What is the remainder when c(-5) is divided by 62?
32
Let x = 10574 - 4088. Calculate the remainder when x is divided by 8.
6
Let c(v) = 9*v - 1. Let m = 323 - 252. Suppose -j + m - 64 = 0. Calculate the remainder when c(2) is divided by j.
3
Let g = -9776 - -9908. Calculate the remainder when 1171 is divided by g.
115
Suppose -2*k = -4, 60*y + 5*k = 56*y + 218. Suppose 240 = y*s - 36*s. Calculate the remainder when 113 is divided by s.
8
Let i(u) = -u**3 + 2*u**2 + 6*u - 11. Let l be i(-4). Let o = l + -53. Calculate the remainder when 54 is divided by o.
6
Suppose 44*j = 19*j - 29*j + 19332. What is the remainder when j is divided by 210?
148
Suppose 0 = -3*l - 12, -s - 2*l = 4*s + 1213. Let b = -225 - s. What is the remainder when 204 is divided by b?
12
Let t = 32 - 29. Let a be -2 + (4/t)/((-5)/(-15)). Suppose a = z + 2*o - 38, 0 = -4*o + 20. What is the remainder when 148 is divided by z?
28
Let o(b) = 3*b**2 - 225*b + 323. What is the remainder when o(75) is divided by 67?
55
Let f(a) be the third derivative of -a**5/30 - 7*a**4/4 + 7*a**3 + 45*a**2 + 2*a. What is the remainder when f(-20) is divided by 28?
26
Suppose 8753 = 81*y - 10302 - 11077. What is the remainder when y is divided by 120?
12
Let j = 11 + 1128. Let c = j + -980. What is the remainder when c is divided by (-94)/(-3) - (-4)/6?
31
Let f = -51 + 119. Suppose i - 5*k = f, -156 = -3*i - 5*k + 4*k. Suppose 0 = -3*n - t + 92, -5*t = n - 1 - i. Calculate the remainder when n is divided by 11.
7
Suppose -3*i - i + 148 = 0. Suppose -4 - 12 = 2*o, -5*c = 2*o - 534. What is the remainder when c is divided by i?
36
Suppose 3773*q + 464 = 3789*q. What is the remainder when 91 is divided by q?
4
Let u(t) = 21*t**3 + 22*t - 75. Calculate the remainder when u(3) is divided by 5.
3
Suppose -z + 9 - 5 = 0. What is the remainder when (z/8)/(5/220) is divided by 13?
9
Suppose -5*s - d = -0*d, 0 = -4*s - d. Let l = 7 - 4. Suppose 5*j - n - 55 - 36 = s, -l*j + 45 = -3*n. What is the remainder when 93 is divided by j?
17
Suppose t = m - 58 - 37, m - 2*t - 95 = 0. Suppose u = -m + 38. Let j = u - -171. What is the remainder when j is divided by 23?
22
Let f = 32 - 21. Suppose i - 8 = 9*i. What is the remainder when f is divided by (i + 3)*((-105)/10)/(-3)?
4
Let s = -25735 + 26565. Calculate the remainder when s is divided by 412.
6
Let c be (2 - 4/4)/(-1) - -3. Suppose 0 = -c*y - 4 + 12. Suppose -66 = -n - 5*d, 0 = -y*n - 3*d - d + 328. What is the remainder when n is divided by 22?
20
Suppose 69*d - 547 = 695. What is the remainder when 754 is divided by d?
16
Suppose -t = 343*y - 338*y - 57, 5*t = -3*y + 219. What is the remainder when 3902 is divided by t?
38
What is the remainder when (-226 + -181)*-2*(-1 - -2) is divided by 14?
2
Let d(c) = c**2 + 12*c - 25. Let b be d(-14). Suppose -3*z = -i + 14, 0 = -5*i + 7*i - b*z - 28. Calculate the remainder when 68 is divided by i.
12
Suppose -864*i + 59351 = -91104 - 19753. What is the remainder when i is divided by ((-50)/4)/((-2)/4)?
22
Suppose 2*s - 68 = -0*s. Suppose y - 9 = 3*y - 5*p, 3*y - s = -2*p. Calculate the remainder when 15*(2/y + 9/12) is divided by 6.
3
Let j = 675 - 671. Suppose 0 = j*h - 109 + 9. Calculate the remainder when (-6)/21 + 1376/14 is divided by h.
23
Let b(k) = -k**3 + 3*k**2 - 5*k - 24. Let t be b(6). Calculate the remainder when 47 is divided by (-5220)/t + (-4)/18.
15
Suppose 3*g = -987*s + 983*s + 6790, 5*s + 9012 = 4*g. What is the remainder when g is divided by 39?
35
Let j(g) be the first derivative of -30*g**2 + 17*g - 2. Let h be j(2). What is the remainder when 100/(-24) - -4 - h/6 is divided by 10?
7
Suppose 4*m - 90 = 2*f, 65 + 25 = 5*m + 5*f. What is the remainder when 0/(3/1) - -73 is divided by m?
10
What is the remainder when 606 is divided by (-2 - 54/(-11)) + 259/2849?
0
Let k = 207 + -205. Let y(p) = 71*p**2 + 20*p - 32. Calculate the remainder when y(k) is divided by 102.
88
Suppose 13*q + 5*i + 11 = 11*q, -q - 2*i - 3 = 0. Suppose q*z = 552 + 792. Calculate the remainder when z is divided by 11.
5
Suppose -v = 5*i - 8*i - 3307, 2*v - 6590 = 3*i. Calculate the remainder when v is divided by 1093.
4
Let n be 1/7 - (-9)/(-63). Suppose n = 11*h - 13*h + 10. Calculate the remainder when 18 is divided by h.
3
Let j be (2*1/2)/(4/1000). Let n = -233 + j. What is the remainder when n is divided by 10?
7
Suppose 3*p - 3*j - 3444 = 0, -p + 46 + 1094 = -5*j. What is the remainder when p is divided by 192?
190
Suppose -148*h - 225*h = -287*h - 4988. Calculate the remainder when 8003 is divided by h.
57
Suppose 5*g + 6165 = 4*c, 4*g - 838 - 698 = -c. Suppose -6*l - 8*l + c = 0. Calculate the remainder when l is divided by (-2)/5 + (-384)/(-10).
34
Suppose -4*g + 3*w - 136 - 19 = 0, -4*g = -5*w + 157. Let y = g - -114. Calculate the remainder when y is divided by 20.
16
What is the remainder when 0/(-2)*(-4)/(-8) - -1518 is divided by 25?
18
Let a = 55 + 19. Let s = -50701 + 50919. What is the remainder when s is divided by a?
70
Let l(o) = o**3 - 3*o**2 - 3. What is the remainder when -95 + 154 - (-64)/(-4) is divided by l(4)?
4
Let y be 12/9*(14 + 1). Suppose -4*z - y = 0, -z + 13 = -w - 118. Let s = w + 165. Calculate the remainder when 202 is divided by s.
28
Suppose 19*g + 42751 - 26387 = 186300. Calculate the remainder when g is divided by 18.
16
Suppose 368 = -4*w + 2*r, 4*w = -2*r - 251 - 117. Let q = 108 + w. Suppose -4*k = -460 + 80. Calculate the remainder when k is divided by q.
15
Let g(v) = -v**3 + 42*v**2 + 159*v - 1078. Let y(x) = -3*x + 4. Let q be y(-4). Let t = -10 + q. Calculate the remainder when t is d